-3 + 21. Suppose 2*a = -3*l + 40, 0*l - 4*l = 3*a - 54. Calculate the highest common divisor of l and u.
6
Let n(t) = 10*t**2 + t - 60. Let r be n(5). Calculate the greatest common factor of r and 156.
39
Suppose 0 = -3*v + 4*g - 5, 4*v + 0*v - 4*g = -4. Calculate the highest common divisor of v and 27.
1
Let c(p) = p**2 - 5. Let g be 14/3 + (-10)/(-30). Let n be c(g). Suppose j - n = -0*j. Calculate the greatest common factor of 20 and j.
20
Suppose 3*k - 5*k = 8. Let s be (-9)/(-1 - k) + 5. Let y be -1*1*-2*1. What is the highest common factor of y and s?
2
Suppose 12*p = 8*p + 8. Suppose -6 + 16 = p*x. What is the highest common divisor of 1 and x?
1
Let g = -6 + 4. Let l(t) = -10*t + 1. Let z be l(g). Calculate the highest common factor of z and 14.
7
Let i(p) = p**3 + 18*p**2 + 63*p + 6. Let j be i(-12). Calculate the greatest common factor of j and 76.
38
Let z be 14/(-105) - 686/30. Let r = z + 43. Let n = r + 4. Calculate the greatest common factor of 60 and n.
12
Suppose 7 = 4*z + 3*t, -z - z + 2 = 2*t. Let l(y) = 12*y + 6. Let i be l(-4). Let h = -30 - i. What is the highest common factor of z and h?
4
Suppose -33*b + 189 = -9. Calculate the highest common factor of 14 and b.
2
Suppose 58*y - 126 = 49*y. What is the highest common divisor of 154 and y?
14
Let o be (((-24)/1)/3)/(-2). Suppose h - o = 7. Let k = h - -6. Calculate the highest common factor of 85 and k.
17
Let r(d) = 16*d**2 + 4*d - 3. Let t be r(2). Suppose 2*o + t = 5*o. Let y be 1/(-2) + (4 - (-3663)/18). Calculate the highest common divisor of o and y.
23
Let p(q) = 5*q**2 - q + 1. Let u be (6 - 3)/(3/(-2)). Let z be p(u). Suppose 19*g + 51 = 1362. What is the highest common factor of z and g?
23
Let t(h) = -14*h + 616. Let c be t(43). What is the highest common divisor of 602 and c?
14
Let o be 24/(-14) + 2 - (-111520)/1435. Calculate the highest common divisor of 66 and o.
6
Let y = 224 - 105. Calculate the highest common factor of y and 17.
17
Suppose -2*r = -4*u - 100, -7 = u - 2. Calculate the highest common factor of r and 680.
40
Suppose 9*y - 4*y - 60 = 0. Suppose 5*j + 36 = j. Let a = j - -105. Calculate the greatest common factor of a and y.
12
Suppose 0 = -17*j + 7*j + 20. Calculate the highest common divisor of 15 and j.
1
Let f be ((-10)/(-4))/((66/(-6))/(-1562)). Calculate the greatest common divisor of 142 and f.
71
Suppose 0 = -5*b - 20, 3*i + 4*b + 0 = -1. Let p = 4 + -5. Let v be 7 + 2 + p + -3. What is the highest common factor of i and v?
5
Suppose b = g - 3*b - 2, 4*g + 5*b - 8 = 0. Suppose -g*t + 16 = 2*t. Let u = t + 4. What is the highest common factor of u and 40?
8
Suppose -2*x = -4*x + 46. Let z(u) = -13*u**2 + 179*u - 23. Let w be z(12). Calculate the greatest common divisor of w and x.
23
Suppose 5*h = 2*h + 27. Suppose 2*v - 3 + h = -4*a, -3*a + 67 = -4*v. Let t = v + 42. What is the highest common factor of t and 58?
29
Suppose 0 = -164*y + 151*y + 14027. What is the greatest common factor of 13 and y?
13
Let t(z) = z**3 + 9*z**2 - 7*z + 7. Let b be t(-9). Let w = b - 5. Suppose 0 = -10*c + 41 + 219. What is the highest common factor of c and w?
13
Let v = 93 - 37. Let a = 25 - v. Let h = a + 87. What is the highest common divisor of h and 7?
7
Let l be (47 + -33)*2/1. Suppose 0 = 4*d - 3*x - 10, 5*d = x + 2*x + 14. What is the highest common divisor of d and l?
4
Let d = 104 - 96. Calculate the highest common factor of 24 and d.
8
Suppose 4*j = 5*s + 440, -40*j = -37*j - 2*s - 323. What is the greatest common divisor of 42 and j?
21
Let i = 6 - 4. Suppose i*m = 48 - 0. Let z be -3*(2/4)/((-1)/2). Calculate the highest common divisor of z and m.
3
Let x(g) = -g**3 - 3*g**2 + 4*g. Let d be x(-4). Suppose 5*i + 2*j - 53 = d, 3*i - 35 = 8*j - 6*j. What is the highest common divisor of i and 77?
11
Suppose 2*m + 1 = 3*i, 5*m = m + 4. Let h(u) = -2*u + u**2 + 3*u**3 + 5 + 17*u**3 - 4. Let v be h(i). Calculate the greatest common divisor of v and 20.
20
Let p be 18/(-4)*(13 - 15). Suppose -13*v + p*v + 40 = 0. Suppose -2*m = -0*m - 10, 4*k - 2*m = -2. Calculate the greatest common divisor of v and k.
2
Suppose 135 = -13*s + 22*s. Calculate the highest common divisor of s and 85.
5
Suppose -2*t = -o - 445, -10*t + 13*t - 663 = -3*o. What is the greatest common factor of 6 and t?
6
Let j(n) = -124*n**3 + n**2 - 40*n - 82. Let q be j(-2). What is the highest common factor of q and 14?
14
Suppose -54516 = 11*g - 39*g. Calculate the greatest common divisor of 11 and g.
11
Suppose 0 = 3*x + 2 - 2. Suppose x = 15*g - 185 - 40. What is the highest common divisor of g and 6?
3
Suppose 2349 = 3*u + 26*u. Suppose 2*b = -3*b + 45. What is the highest common factor of u and b?
9
Let b(s) = -2*s**2 - 2*s + 79. Let x be b(0). What is the greatest common divisor of 395 and x?
79
Let l be (2 - -6 - 3)/((-2)/(-36)). Suppose 3*q = -2*f + 3*f - 1, 3*q - 19 = -f. Calculate the highest common divisor of l and f.
10
Let g(b) = -9*b**2 + 9*b - 24. Let u(i) = -5*i**2 + 4*i - 12. Let l(c) = -4*g(c) + 7*u(c). Let p be l(9). What is the highest common factor of p and 42?
21
Let x be 7*4/14 - (1 - 4). What is the highest common divisor of x and 25?
5
Suppose 0 = -4*g - 2*f + 584, 3*g + f = 5*f + 449. Calculate the highest common factor of 42 and g.
21
Suppose 1804 = -10*d + 1964. What is the greatest common factor of 52 and d?
4
Suppose -57*u = -132*u + 41925. Calculate the greatest common factor of u and 129.
43
Let z be (-12)/(-20) + (-1544)/(-10) + 1. Suppose -5*d = -z - 229. What is the highest common factor of 7 and d?
7
Let i(q) = 2*q**2 + 14*q + 36. Suppose 5*u + 55 = -5*m, -26 - 34 = 4*m - 4*u. Let c be i(m). Calculate the highest common factor of c and 24.
24
Let d = 297 + -162. Suppose -23*o + 20*o + d = 0. Calculate the greatest common factor of 30 and o.
15
Let h be (-6)/6 + (1 - 1). Let o be (-2 + 0 - h) + 27. Let b = -2 - -15. What is the greatest common factor of o and b?
13
Let i be 449512/1104 + ((-1)/6 - 0). Calculate the greatest common factor of i and 111.
37
Let f be (144/(-14))/((-9)/168). Suppose -f = -5*z - 3*s, -3*z - s = -z - 77. Calculate the highest common factor of 13 and z.
13
Let a(r) = -r - 5. Let u be a(-8). Suppose u*g + 5*n = -0*g + 181, 4*g - 2*n - 198 = 0. Suppose 58 + 7 = 5*k. Calculate the highest common factor of g and k.
13
Let j = 425 - 345. Calculate the greatest common factor of j and 960.
80
Suppose -2*h + 6 = -b, 0*h + 5*h - 10 = 5*b. Suppose p - b - 6 = 0. Let r(l) = -l + 1. Let s be r(-1). Calculate the greatest common factor of s and p.
2
Let q(s) = 22*s + 171. Let x be q(17). Calculate the highest common divisor of 5 and x.
5
Let y = 29 + -45. Let u = 15 + y. Let a be (u/2)/(1/(-16)). Calculate the highest common factor of 20 and a.
4
Suppose 0 = -4*a + 2*z + 1206, 887 = -14*a + 17*a + 2*z. Calculate the highest common factor of 92 and a.
23
Let a = -14 - -14. Suppose -2*x - w + 106 = a, -w = -2*x + 50 + 64. Suppose -4*y + x = 7. What is the greatest common factor of y and 30?
6
Let m = -6 + 8. Suppose m*o = 732 - 282. What is the greatest common factor of o and 45?
45
Let h be 24/(-2) - (0 + 0). Let n be 4/(h/(-45)) + -4. Calculate the highest common factor of n and 1.
1
Let h = -59 - -92. Let a = -1143 + 1198. What is the highest common factor of h and a?
11
Let s(t) = 10*t**2 + 11*t. Let x be s(-8). Calculate the highest common divisor of 69 and x.
69
Suppose 9*d - 13*d + 5*r = -440, 5*r = -20. Calculate the greatest common divisor of 84 and d.
21
Let r be (2/(-2))/((-8)/1288). What is the greatest common factor of 299 and r?
23
Let j be (1 - 40/6)/(4/(-24)). Suppose -4*k + 2*n = -j, -5*k + 0*n = -n - 38. Suppose 0 = -5*v + 46 + 24. What is the highest common factor of v and k?
7
Let t be 126/9*(0 + (-15)/(-6)). Calculate the highest common factor of t and 1435.
35
Suppose -61*h = -58*h - 2*z - 872, -4*h + 1159 = z. Calculate the greatest common divisor of h and 1595.
145
Let v be 7*-1 - (-41 + 36) - -15. What is the greatest common divisor of v and 2236?
13
Let z = 18 - 11. Suppose -4*g - 4*h + 17 = 1, 3*g - 11 = -4*h. Suppose g*x = 0, -2*x - 140 = -l - 3*l. Calculate the greatest common factor of z and l.
7
Let x be ((-16)/(-17))/8 - (-147)/51. Let o be 4/14 + (-425)/(-7). Suppose -x*n + o = -29. What is the gre